{"id":954,"date":"2023-10-06T04:23:13","date_gmt":"2023-10-06T04:23:13","guid":{"rendered":"https:\/\/dominiodeprueba222.site\/?page_id=954"},"modified":"2025-01-12T05:50:42","modified_gmt":"2025-01-12T05:50:42","slug":"brizy-954","status":"publish","type":"page","link":"https:\/\/dominiodeprueba222.site\/index.php\/brizy-954\/","title":{"rendered":""},"content":{"rendered":"<div class=\"brz-root__container brz-reset-all brz\">\n<section id=\"_cjarkezvtyigcocdagwnnlnifmrqdmdyucqh\" class=\"brz-section brz-css-iTM0W brz-css-jQ8yW\">\n<div class=\"brz-slick-slider brz-slick-slider__section\" data-slides-to-show=\"1\" data-slides-to-scroll=\"1\" data-arrows=\"true\" data-dots=\"true\" data-dots-class=\"brz-slick-slider__dots brz-slick-slider__dots--circle\" data-fade=\"false\" data-vertical=\"false\" data-auto-play=\"false\" data-auto-play-speed=\"3000\" data-animation-speed=\"500\" data-swipe=\"true\" data-responsive=\"%5B%7B%22breakpoint%22%3A767%2C%22settings%22%3A%7B%22slidesToShow%22%3A1%2C%22slidesToScroll%22%3A1%7D%7D%5D\">\n<div>\n<div class=\"brz-section__content brz-section--boxed brz-css-mHG_4 brz-css-clJMz\" data-brz-custom-id=\"ctgojreexuecnqawzvrirwsacksmrkldhtuz\">\n<div class=\"brz-bg\">\n<div class=\"brz-bg-image\"><\/div>\n<div class=\"brz-bg-color\"><\/div>\n<\/div>\n<div class=\"brz-container brz-css-yhWOs brz-css-siTBw\">\n<div id=\"\" class=\"brz-css-kO6cX brz-css-p_VyC brz-wrapper\">\n<div class=\"brz-spacer brz-css-zNCie brz-css-lkYqM\"><\/div>\n<\/div>\n<div id=\"\" class=\"brz-css-kO6cX brz-wrapper\">\n<div class=\"brz-rich-text brz-rich-text__custom brz-css-mq7U3\" data-brz-custom-id=\"iywwxtxqjddyxjrrnbfogepmoinxbzkfqglf\">\n<div data-brz-translate-text=\"1\">\n<h1 class=\"brz-text-lg-center brz-tp-lg-heading1 brz-css-rqBjF\" data-uniq-id=\"aicuj\" data-generated-css=\"brz-css-aezsq\"><span class=\"brz-cp-color2\">Gran estilo para encabezados e im\u00e1genes principales<\/span><\/h1>\n<\/div>\n<\/div>\n<\/div>\n<div id=\"\" class=\"brz-css-kO6cX brz-css-p_VyC brz-css-znRul brz-wrapper\">\n<div class=\"brz-spacer brz-css-zNCie\"><\/div>\n<\/div>\n<div class=\"brz-wrapper-clone brz-css-gyQrG\">\n<div class=\"brz-d-xs-flex brz-flex-xs-wrap brz-css-qD4Rr\" data-brz-custom-id=\"\">\n<div class=\"brz-wrapper-clone__item\" id=\"fsmzvseogkzjvulvocnmfvouvojsbncaglao\">\n<div class=\"brz-icon__container\" data-brz-custom-id=\"fsmzvseogkzjvulvocnmfvouvojsbncaglao\"><a class=\"brz-a\" href=\"https:\/\/www.youtube.com\/watch?v=8lQB3Had90A\" target=\"_self\" rel=\"noopener\" data-brz-link-type=\"external\"><span class=\"brz-icon brz-span brz-css-y_6rN brz-css-ghUIv\"><\/span><\/a><\/div>\n<\/div>\n<\/div>\n<\/div>\n<div id=\"\" class=\"brz-css-kO6cX brz-css-p_VyC brz-css-wrfor brz-wrapper\">\n<div class=\"brz-spacer brz-css-zNCie\"><\/div>\n<\/div>\n<div id=\"\" class=\"brz-css-kO6cX brz-wrapper\">\n<div class=\"brz-rich-text brz-rich-text__custom brz-css-mq7U3\" data-brz-custom-id=\"tnbxexbeobhivtcpogkidublhwjyjimiihkk\">\n<div data-brz-translate-text=\"1\">\n<p class=\"brz-text-lg-center brz-tp-lg-subtitle brz-css-bkKwP\" data-uniq-id=\"qyoup\" data-generated-css=\"brz-css-xypku\"><em class=\"brz-cp-color7\" style=\"background-color: transparent\">Simplemente haz clic y arrastra para crear hermosas p\u00e1ginas en cuesti\u00f3n de minutos.<\/em><span class=\"brz-cp-color7\" style=\"background-color: transparent\">&nbsp;<\/span><\/p>\n<p class=\"brz-text-lg-center brz-tp-lg-subtitle brz-css-raYZp\" data-uniq-id=\"mnbin\" data-generated-css=\"brz-css-hulcl\"><em class=\"brz-cp-color7\" style=\"background-color: transparent\">No se necesitan conocimientos de dise\u00f1o ni de codificaci\u00f3n.<\/em><\/p>\n<\/div>\n<\/div>\n<\/div>\n<\/div>\n<\/div>\n<\/div>\n<div>\n<div class=\"brz-section__content brz-section--boxed brz-css-mHG_4 brz-css-nWn8S\" data-brz-custom-id=\"jilhdgwfweqjarltdcjunykfsodtgslselpm\">\n<div class=\"brz-bg\">\n<div class=\"brz-bg-image\"><\/div>\n<div class=\"brz-bg-color\"><\/div>\n<\/div>\n<div class=\"brz-container brz-css-yhWOs brz-css-ank5T\">\n<div id=\"\" class=\"brz-css-kO6cX brz-wrapper\">\n<div class=\"brz-rich-text brz-rich-text__custom brz-css-mq7U3\" data-brz-custom-id=\"qlmjphzvabhrqgtpalmjteuwjnlkfnelowig\">\n<div data-brz-translate-text=\"1\">\n<h1 class=\"brz-text-lg-center brz-tp-lg-heading1 brz-css-ajy3y\" data-uniq-id=\"lizsm\" data-generated-css=\"brz-css-prxnc\"><span class=\"brz-cp-color2\">\u00a1Convi\u00e9rtete en el dise\u00f1ador web! Te da el poder<\/span><\/h1>\n<\/div>\n<\/div>\n<\/div>\n<div id=\"\" class=\"brz-css-kO6cX brz-css-p_VyC brz-css-bAAeH brz-wrapper\">\n<div class=\"brz-spacer brz-css-zNCie\"><\/div>\n<\/div>\n<div class=\"brz-wrapper-clone brz-css-gyQrG\">\n<div class=\"brz-d-xs-flex brz-flex-xs-wrap brz-css-qD4Rr\" data-brz-custom-id=\"\">\n<div class=\"brz-wrapper-clone__item\" id=\"tsgjyoolixangetkyfdxhvpjgkfefdxzupgi\">\n<div class=\"brz-icon__container\" data-brz-custom-id=\"tsgjyoolixangetkyfdxhvpjgkfefdxzupgi\"><a class=\"brz-a\" href=\"https:\/\/www.youtube.com\/watch?v=8lQB3Had90A\" target=\"_self\" rel=\"noopener\" data-brz-link-type=\"external\"><span class=\"brz-icon brz-span brz-css-y_6rN brz-css-xGhTZ\"><\/span><\/a><\/div>\n<\/div>\n<\/div>\n<\/div>\n<div id=\"\" class=\"brz-css-kO6cX brz-css-p_VyC brz-css-zhZ_6 brz-wrapper\">\n<div class=\"brz-spacer brz-css-zNCie\"><\/div>\n<\/div>\n<div id=\"\" class=\"brz-css-kO6cX brz-wrapper\">\n<div class=\"brz-rich-text brz-rich-text__custom brz-css-mq7U3\" data-brz-custom-id=\"fbutvtbjglebmlmidrosjvugyxctfzyqczll\">\n<div data-brz-translate-text=\"1\">\n<p class=\"brz-tp-lg-subtitle brz-text-lg-center brz-css-uU3db\" data-uniq-id=\"dwyhy\" data-generated-css=\"brz-css-vnbuc\"><em class=\"brz-cp-color7\">Cada opci\u00f3n de edici\u00f3n est\u00e1 muy bien pensada para que sea f\u00e1cil de encontrar y trabajar con ella: acortar\u00e1 el tiempo necesario para crear el sitio web de sus sue\u00f1os.<\/em><\/p>\n<\/div>\n<\/div>\n<\/div>\n<\/div>\n<\/div>\n<\/div>\n<\/div>\n<\/section>\n<section id=\"_tqsopvgildqwjvgfucdcrcepwgwfuswrpbpa\" class=\"brz-section brz-css-iTM0W\">\n<div class=\"brz-section__content brz-section--boxed brz-css-mHG_4 brz-css-hCgtE\" data-brz-custom-id=\"svzoqgomdfqyoiltdrziliewtxxbnexecxxi\">\n<div class=\"brz-bg\">\n<div class=\"brz-bg-color\"><\/div>\n<\/div>\n<div class=\"brz-container brz-css-yhWOs brz-css-nvVe7\">\n<div id=\"\" class=\"brz-css-kO6cX brz-wrapper\">\n<div class=\"brz-rich-text brz-rich-text__custom brz-css-mq7U3\" data-brz-custom-id=\"brxudmgczwhciflowiamawgvpwzkkngvpkud\">\n<div data-brz-translate-text=\"1\">\n<h2 class=\"brz-text-lg-center brz-tp-lg-heading2 brz-css-bwDQA\" data-uniq-id=\"sheub\" data-generated-css=\"brz-css-gjnmp\"><span class=\"brz-cp-color2\">Ven a visitarnos<\/span><\/h2>\n<\/div>\n<\/div>\n<\/div>\n<div id=\"\" class=\"brz-css-kO6cX brz-css-iri5F brz-wrapper\">\n<div class=\"brz-rich-text brz-rich-text__custom brz-css-mq7U3\" data-brz-custom-id=\"ihuageeaeiyuxltfofegktqxkpqvjrzrxjpz\">\n<div data-brz-translate-text=\"1\">\n<p class=\"brz-text-lg-center brz-tp-lg-subtitle brz-css-ye0n5\" data-uniq-id=\"ruooo\" data-generated-css=\"brz-css-lheyq\"><em class=\"brz-cp-color7\" style=\"background-color: transparent\">Simplemente haz clic y arrastra para crear hermosas p\u00e1ginas en cuesti\u00f3n de minutos.<\/em><\/p>\n<\/div>\n<\/div>\n<\/div>\n<div id=\"\" class=\"brz-css-kO6cX brz-css-p_VyC brz-wrapper\">\n<div class=\"brz-spacer brz-css-zNCie brz-css-pyaix\"><\/div>\n<\/div>\n<div class=\"brz-row__container brz-css-aCYVM\" data-brz-custom-id=\"hwwtxlpcxjdxqvglnjbqzwpikmcypfnpbuye\">\n<div class=\"brz-bg\"><\/div>\n<div class=\"brz-row brz-css-slmHn brz-css-fq3zf\">\n<div class=\"brz-columns brz-css-nd1Fo brz-css-dCbsT\" data-brz-custom-id=\"vmzlafgkuzijttxozemakwyykququwsituxt\">\n<div class=\"brz-bg\">\n<div class=\"brz-bg-color\"><\/div>\n<\/div>\n<div class=\"brz-column__items brz-css-s4MPX brz-css-hy1hc\">\n<div id=\"\" class=\"brz-css-kO6cX brz-wrapper\">\n<div data-brz-form-version=\"2\" class=\"brz-forms2 brz-css-ht9VV brz-css-oIIR1\" data-brz-custom-id=\"rrhazlvuogbwzljjkbewcduensgquxmvviuw\">\n<div data-brz-translate-text=\"1\" class=\"brz-forms2__item brz-css-nbJGL brz-css-bZ4fk brz-css-mB6uJ brz-css-z9F5D\"><\/div>\n<div data-brz-translate-text=\"1\" class=\"brz-forms2__item brz-css-nbJGL brz-css-bZ4fk brz-css-mB6uJ brz-css-imMgT\"><\/div>\n<div data-brz-translate-text=\"1\" class=\"brz-forms2__item brz-css-nbJGL brz-css-bZ4fk brz-css-mB6uJ\">\n<div class=\"brz-forms2__field brz-forms2__field-select brz-css-zbpjH brz-css-op5zd\">ProjectFreelanceBusiness<\/div>\n<\/div>\n<div data-brz-translate-text=\"1\" class=\"brz-forms2__item brz-css-nbJGL brz-css-bZ4fk brz-css-mB6uJ brz-css-vuyyF\"><textarea id=\"s97XgUJFhtjE_\" name=\"onhmytkjctgchajtelewdmhfeybutpwuvyva\" data-brz-type=\"Paragraph\" data-brz-label=\"Message\" data-brz-placeholder=\"Message\" class=\"brz-textarea brz-forms2__field brz-forms2__field-paragraph\"><\/textarea><\/div>\n<div class=\"brz-forms2 brz-forms2__item brz-forms2__item-button\" data-brz-custom-id=\"rrhazlvuogbwzljjkbewcduensgquxmvviuw\"><button class=\"brz-btn brz-btn-submit brz-css-suKae brz-css-oZxMr\" data-brz-custom-id=\"quynnbmrkvtjhfxmhpfdahibkhadvujsches\"><span data-brz-translate-text=\"1\" class=\"brz-span brz-text__editor\">SUBMIT<\/span><\/button><\/div>\n<div class=\"brz-g-recaptcha\" data-sitekey=\"\" data-size=\"invisible\" data-callback=\"brzFormV2Captcha\"><\/div>\n<\/div>\n<\/div>\n<\/div>\n<\/div>\n<\/div>\n<\/div>\n<div id=\"\" class=\"brz-css-kO6cX brz-css-p_VyC brz-css-dWAro brz-wrapper\">\n<div class=\"brz-spacer brz-css-zNCie brz-css-aJnN8\"><\/div>\n<\/div>\n<div class=\"brz-row__container brz-css-aCYVM\" data-brz-custom-id=\"utqivtutejoqxedwynpcylkfnorcbfxjbwpd\">\n<div class=\"brz-bg\"><\/div>\n<div class=\"brz-row brz-css-slmHn brz-css-fq3zf\">\n<div class=\"brz-columns brz-css-nd1Fo brz-css-ourks\" data-brz-custom-id=\"pciwqyvsmnzoiclhhaigjncoyndscltutekq\">\n<div class=\"brz-bg\"><\/div>\n<div class=\"brz-column__items brz-css-s4MPX\">\n<div id=\"\" class=\"brz-css-kO6cX brz-wrapper\">\n<div class=\"brz-rich-text brz-rich-text__custom brz-css-mq7U3\" data-brz-custom-id=\"ogwkfdawjtmthnjqnrxakgqeauivfmwnpadc\">\n<div data-brz-translate-text=\"1\">\n<p class=\"brz-tp-lg-abovetitle brz-text-lg-center brz-mb-lg-5 brz-css-hiKx8\" data-uniq-id=\"udguz\" data-generated-css=\"brz-css-aftnt\"><span class=\"brz-cp-color3\">CORREO ELECTR\u00d3NICO<\/span><\/p>\n<h6 class=\"brz-tp-lg-heading6 brz-text-lg-center brz-css-tpY4f\" data-uniq-id=\"xksvf\" data-generated-css=\"brz-css-idurq\"><span class=\"brz-cp-color2\">Hello@Test.com<\/span><\/h6>\n<\/div>\n<\/div>\n<\/div>\n<\/div>\n<\/div>\n<div class=\"brz-columns brz-css-nd1Fo brz-css-xBip6\" data-brz-custom-id=\"plzxqohaaofwfqbmpabdaqevjbswtuwxqaxc\">\n<div class=\"brz-bg\"><\/div>\n<div class=\"brz-column__items brz-css-s4MPX\">\n<div id=\"\" class=\"brz-css-kO6cX brz-wrapper\">\n<div class=\"brz-rich-text brz-rich-text__custom brz-css-mq7U3\" data-brz-custom-id=\"gzeprfndzvikgmmlpqtdwckcqfwlvrmakiyx\">\n<div data-brz-translate-text=\"1\">\n<p class=\"brz-mb-lg-5 brz-text-lg-center brz-tp-lg-abovetitle brz-css-nI7mD\" data-uniq-id=\"znfmq\" data-generated-css=\"brz-css-eflms\"><span class=\"brz-cp-color3\">TEL\u00c9FONO<\/span><\/p>\n<h6 class=\"brz-text-lg-center brz-tp-lg-heading6 brz-css-o1DZW\" data-uniq-id=\"rxpaq\" data-generated-css=\"brz-css-xstpx\"><span class=\"brz-cp-color2\">+(414) 345 62 45<\/span><\/h6>\n<\/div>\n<\/div>\n<\/div>\n<\/div>\n<\/div>\n<div class=\"brz-columns brz-css-nd1Fo brz-css-twAGi\" data-brz-custom-id=\"pnjvmgoeworeuqianvzznbmeddxhslxoelon\">\n<div class=\"brz-bg\"><\/div>\n<div class=\"brz-column__items brz-css-s4MPX\">\n<div id=\"\" class=\"brz-css-kO6cX brz-css-uWsQ_ brz-wrapper\">\n<div class=\"brz-rich-text brz-rich-text__custom brz-css-mq7U3\" data-brz-custom-id=\"vouylfysefdgxugffpnimvgjhkvhheertdqb\">\n<div data-brz-translate-text=\"1\">\n<p class=\"brz-tp-abovetitle brz-text-lg-center brz-mb-lg-5 brz-css-ebE2M\"><span class=\"brz-cp-color3\">SOCIAL<\/span><\/p>\n<\/div>\n<\/div>\n<\/div>\n<div class=\"brz-wrapper-clone brz-css-gyQrG brz-css-lYmWw\">\n<div class=\"brz-d-xs-flex brz-flex-xs-wrap brz-css-qD4Rr\" data-brz-custom-id=\"\">\n<div class=\"brz-wrapper-clone__item\" id=\"cbktdwwdmbzclbdkwyzjmodumjxxaueztzxd\">\n<div class=\"brz-icon__container\" data-brz-custom-id=\"cbktdwwdmbzclbdkwyzjmodumjxxaueztzxd\"><span class=\"brz-icon brz-span brz-css-y_6rN brz-css-bsqcg\"><\/span><\/div>\n<\/div>\n<div class=\"brz-wrapper-clone__item\" id=\"dmbeiuzuxxlbjhclpetxkpbcteqlleiakvtn\">\n<div class=\"brz-icon__container\" data-brz-custom-id=\"dmbeiuzuxxlbjhclpetxkpbcteqlleiakvtn\"><span class=\"brz-icon brz-span brz-css-y_6rN brz-css-wrPtn\"><\/span><\/div>\n<\/div>\n<div class=\"brz-wrapper-clone__item\" id=\"qihbqyonqhtfevdnekcbjovvvrapvmqrznfk\">\n<div class=\"brz-icon__container\" data-brz-custom-id=\"qihbqyonqhtfevdnekcbjovvvrapvmqrznfk\"><span class=\"brz-icon brz-span brz-css-y_6rN brz-css-iO_VA\"><\/span><\/div>\n<\/div>\n<\/div>\n<\/div>\n<\/div>\n<\/div>\n<\/div>\n<\/div>\n<\/div>\n<\/div>\n<\/section>\n<section id=\"_vupuzqagvudicfzxuzemnputwfwqwaewcpti\" class=\"brz-section brz-css-iTM0W\">\n<div class=\"brz-section__content brz-section--boxed brz-css-mHG_4 brz-css-q7OOV\" data-brz-custom-id=\"nevxamsekachdsrwkeiqtyxxbylvfeqbxgyy\">\n<div class=\"brz-bg\">\n<div class=\"brz-bg-color\"><\/div>\n<\/div>\n<div class=\"brz-container brz-css-yhWOs\">\n<div class=\"brz-row__container brz-css-aCYVM\" data-brz-custom-id=\"kaciaxfyojgtnxiwfduqsymkfgioukfzunxq\">\n<div class=\"brz-bg\"><\/div>\n<div class=\"brz-row brz-css-slmHn brz-css-fq3zf\">\n<div class=\"brz-columns brz-css-nd1Fo\" data-brz-custom-id=\"rbednofrtyoscvtlvrjjunxsrwlyfoitwonz\">\n<div class=\"brz-bg\"><\/div>\n<div class=\"brz-column__items brz-css-s4MPX\">\n<div id=\"\" class=\"brz-css-kO6cX brz-css-kFwlm brz-wrapper\">\n<div class=\"brz-image brz-css-oeR7H\" data-brz-custom-id=\"elnmjbycmtvqpkftunnncxokedjxqxyelxzh\"><img decoding=\"async\" class=\"brz-img\" src=\"https:\/\/dominiodeprueba222.site\/wp-content\/uploads\/brizy\/imgs\/ce8dc90b00523f7f083591e3ff26d8ddb2efdad7-833x555x39x0x555x555x1696575716.jpeg\" alt=\"\" loading=\"lazy\"><\/div>\n<\/div>\n<\/div>\n<\/div>\n<div class=\"brz-columns brz-css-nd1Fo brz-css-qtGS1\" data-brz-custom-id=\"dmjnfmrugpyguqdpgkcwonzkujurzckrooui\">\n<div class=\"brz-bg\"><\/div>\n<div class=\"brz-column__items brz-css-s4MPX brz-css-seraz\">\n<div id=\"\" class=\"brz-css-kO6cX brz-css-p_uYL brz-wrapper\">\n<div class=\"brz-rich-text brz-rich-text__custom brz-css-mq7U3\" data-brz-custom-id=\"uvemnvinpdqutphsruydbkcjwabgzebtbkjz\">\n<div data-brz-translate-text=\"1\">\n<p class=\"brz-tp-lg-abovetitle brz-text-xs-center brz-css-tB2e_\" data-uniq-id=\"nsbhg\" data-generated-css=\"brz-css-ieigi\"><span class=\"brz-cp-color3\">PONTE EN CONTACTO<\/span><\/p>\n<\/div>\n<\/div>\n<\/div>\n<div id=\"\" class=\"brz-css-kO6cX brz-css-cLKvb brz-wrapper\">\n<div class=\"brz-rich-text brz-rich-text__custom brz-css-mq7U3\" data-brz-custom-id=\"uqyqdgbomdcpodlgvhtmipjaqbektokhemer\">\n<div data-brz-translate-text=\"1\">\n<h3 class=\"brz-tp-lg-heading2 brz-text-xs-center brz-css-y865G\" data-uniq-id=\"ybhpd\" data-generated-css=\"brz-css-qpjts\"><span class=\"brz-cp-color2\">Comparte tu proyecto<\/span><\/h3>\n<\/div>\n<\/div>\n<\/div>\n<div id=\"\" class=\"brz-css-kO6cX brz-css-p_VyC brz-css-oHW_h brz-wrapper\">\n<div class=\"brz-spacer brz-css-zNCie brz-css-ucSHT\"><\/div>\n<\/div>\n<div id=\"\" class=\"brz-css-kO6cX brz-wrapper\">\n<div data-brz-form-version=\"2\" class=\"brz-forms2 brz-css-ht9VV\" data-brz-custom-id=\"wviqlfqyryemmyjyyozfcemdyrckurotuxtx\">\n<div data-brz-translate-text=\"1\" class=\"brz-forms2__item brz-css-nbJGL brz-css-aCEDf brz-css-mB6uJ\"><\/div>\n<div data-brz-translate-text=\"1\" class=\"brz-forms2__item brz-css-nbJGL brz-css-aCEDf brz-css-mB6uJ\"><\/div>\n<div data-brz-translate-text=\"1\" class=\"brz-forms2__item brz-css-nbJGL brz-css-aCEDf brz-css-mB6uJ brz-css-uUsaU\"><textarea id=\"hkrqzlJDD_SD_\" name=\"tdumqacoajzqorhhyzxrqpkeevbbgmehjgyv\" data-brz-type=\"Paragraph\" data-brz-label=\"Message\" data-brz-placeholder=\"Message\" class=\"brz-textarea brz-forms2__field brz-forms2__field-paragraph\"><\/textarea><\/div>\n<div class=\"brz-forms2 brz-forms2__item brz-forms2__item-button\" data-brz-custom-id=\"wviqlfqyryemmyjyyozfcemdyrckurotuxtx\"><button class=\"brz-btn brz-btn-submit brz-css-suKae brz-css-k9U15\" data-brz-custom-id=\"ojstlbfgyflievqcrgifkzqlmytnwwsbpdhd\"><span data-brz-translate-text=\"1\" class=\"brz-span brz-text__editor\">SUBMIT<\/span><\/button><\/div>\n<div class=\"brz-g-recaptcha\" data-sitekey=\"\" data-size=\"invisible\" data-callback=\"brzFormV2Captcha\"><\/div>\n<\/div>\n<\/div>\n<\/div>\n<\/div>\n<\/div>\n<\/div>\n<\/div>\n<\/div>\n<\/section>\n<\/div>\n<p>    <!-- version:1736661042 --><\/p>\n","protected":false},"excerpt":{"rendered":"<p>Gran estilo para encabezados e im\u00e1genes principales Simplemente haz clic y arrastra para crear hermosas p\u00e1ginas en cuesti\u00f3n de minutos.&nbsp; No se necesitan conocimientos de dise\u00f1o ni de codificaci\u00f3n. \u00a1Convi\u00e9rtete en el dise\u00f1ador web! Te da el poder Cada opci\u00f3n de edici\u00f3n est\u00e1 muy bien pensada para que sea f\u00e1cil de encontrar y trabajar con [&hellip;]<\/p>\n","protected":false},"author":1,"featured_media":0,"parent":0,"menu_order":0,"comment_status":"closed","ping_status":"closed","template":"","meta":{"_uag_custom_page_level_css":"","site-sidebar-layout":"default","site-content-layout":"","ast-site-content-layout":"default","site-content-style":"default","site-sidebar-style":"default","ast-global-header-display":"","ast-banner-title-visibility":"","ast-main-header-display":"","ast-hfb-above-header-display":"","ast-hfb-below-header-display":"","ast-hfb-mobile-header-display":"","site-post-title":"disabled","ast-breadcrumbs-content":"","ast-featured-img":"","footer-sml-layout":"","theme-transparent-header-meta":"","adv-header-id-meta":"","stick-header-meta":"","header-above-stick-meta":"","header-main-stick-meta":"","header-below-stick-meta":"","astra-migrate-meta-layouts":"set","ast-page-background-enabled":"default","ast-page-background-meta":{"desktop":{"background-color":"","background-image":"","background-repeat":"repeat","background-position":"center center","background-size":"auto","background-attachment":"scroll","background-type":"","background-media":"","overlay-type":"","overlay-color":"","overlay-opacity":"","overlay-gradient":""},"tablet":{"background-color":"","background-image":"","background-repeat":"repeat","background-position":"center center","background-size":"auto","background-attachment":"scroll","background-type":"","background-media":"","overlay-type":"","overlay-color":"","overlay-opacity":"","overlay-gradient":""},"mobile":{"background-color":"","background-image":"","background-repeat":"repeat","background-position":"center center","background-size":"auto","background-attachment":"scroll","background-type":"","background-media":"","overlay-type":"","overlay-color":"","overlay-opacity":"","overlay-gradient":""}},"ast-content-background-meta":{"desktop":{"background-color":"var(--ast-global-color-5)","background-image":"","background-repeat":"repeat","background-position":"center center","background-size":"auto","background-attachment":"scroll","background-type":"","background-media":"","overlay-type":"","overlay-color":"","overlay-opacity":"","overlay-gradient":""},"tablet":{"background-color":"var(--ast-global-color-5)","background-image":"","background-repeat":"repeat","background-position":"center center","background-size":"auto","background-attachment":"scroll","background-type":"","background-media":"","overlay-type":"","overlay-color":"","overlay-opacity":"","overlay-gradient":""},"mobile":{"background-color":"var(--ast-global-color-5)","background-image":"","background-repeat":"repeat","background-position":"center center","background-size":"auto","background-attachment":"scroll","background-type":"","background-media":"","overlay-type":"","overlay-color":"","overlay-opacity":"","overlay-gradient":""}},"footnotes":""},"uagb_featured_image_src":{"full":false,"thumbnail":false,"medium":false,"medium_large":false,"large":false,"1536x1536":false,"2048x2048":false},"uagb_author_info":{"display_name":"dominiodeprueba222.site","author_link":"https:\/\/dominiodeprueba222.site\/index.php\/author\/dominiodeprueba222-site\/"},"uagb_comment_info":0,"uagb_excerpt":"Gran estilo para encabezados e im\u00e1genes principales Simplemente haz clic y arrastra para crear hermosas p\u00e1ginas en cuesti\u00f3n de minutos.&nbsp; No se necesitan conocimientos de dise\u00f1o ni de codificaci\u00f3n. \u00a1Convi\u00e9rtete en el dise\u00f1ador web! Te da el poder Cada opci\u00f3n de edici\u00f3n est\u00e1 muy bien pensada para que sea f\u00e1cil de encontrar y trabajar con&hellip;","_links":{"self":[{"href":"https:\/\/dominiodeprueba222.site\/index.php\/wp-json\/wp\/v2\/pages\/954"}],"collection":[{"href":"https:\/\/dominiodeprueba222.site\/index.php\/wp-json\/wp\/v2\/pages"}],"about":[{"href":"https:\/\/dominiodeprueba222.site\/index.php\/wp-json\/wp\/v2\/types\/page"}],"author":[{"embeddable":true,"href":"https:\/\/dominiodeprueba222.site\/index.php\/wp-json\/wp\/v2\/users\/1"}],"replies":[{"embeddable":true,"href":"https:\/\/dominiodeprueba222.site\/index.php\/wp-json\/wp\/v2\/comments?post=954"}],"version-history":[{"count":11,"href":"https:\/\/dominiodeprueba222.site\/index.php\/wp-json\/wp\/v2\/pages\/954\/revisions"}],"predecessor-version":[{"id":1037,"href":"https:\/\/dominiodeprueba222.site\/index.php\/wp-json\/wp\/v2\/pages\/954\/revisions\/1037"}],"wp:attachment":[{"href":"https:\/\/dominiodeprueba222.site\/index.php\/wp-json\/wp\/v2\/media?parent=954"}],"curies":[{"name":"wp","href":"https:\/\/api.w.org\/{rel}","templated":true}]}}